{"id":187,"date":"2020-03-24T21:05:54","date_gmt":"2020-03-25T03:05:54","guid":{"rendered":"https:\/\/oropezaingenieros.com\/?page_id=187"},"modified":"2020-10-01T14:02:03","modified_gmt":"2020-10-01T19:02:03","slug":"servicios-de-ingenieria","status":"publish","type":"page","link":"https:\/\/oropeza-siteground.techdesk.com.mx\/index.php\/servicios-de-ingenieria\/","title":{"rendered":"SERVICIOS DE INGENIER\u00cdA"},"content":{"rendered":"\t\t<div data-elementor-type=\"wp-page\" data-elementor-id=\"187\" class=\"elementor elementor-187\" data-elementor-post-type=\"page\">\n\t\t\t\t\t\t<section class=\"elementor-section elementor-top-section elementor-element elementor-element-0b67ba2 elementor-section-boxed elementor-section-height-default elementor-section-height-default\" data-id=\"0b67ba2\" data-element_type=\"section\" data-e-type=\"section\">\n\t\t\t\t\t\t<div class=\"elementor-container elementor-column-gap-default\">\n\t\t\t\t\t<div class=\"elementor-column elementor-col-100 elementor-top-column elementor-element elementor-element-61be754\" data-id=\"61be754\" data-element_type=\"column\" data-e-type=\"column\">\n\t\t\t<div class=\"elementor-widget-wrap elementor-element-populated\">\n\t\t\t\t\t\t<div class=\"elementor-element elementor-element-c680f35 elementor-widget elementor-widget-image\" data-id=\"c680f35\" data-element_type=\"widget\" data-e-type=\"widget\" data-widget_type=\"image.default\">\n\t\t\t\t<div class=\"elementor-widget-container\">\n\t\t\t\t\t\t\t\t\t\t\t\t\t\t\t<img fetchpriority=\"high\" decoding=\"async\" width=\"1920\" height=\"610\" src=\"https:\/\/oropeza-siteground.techdesk.com.mx\/wp-content\/uploads\/2020\/03\/Banner-08.jpg\" class=\"attachment-full size-full wp-image-191\" alt=\"\" srcset=\"https:\/\/oropeza-siteground.techdesk.com.mx\/wp-content\/uploads\/2020\/03\/Banner-08.jpg 1920w, https:\/\/oropeza-siteground.techdesk.com.mx\/wp-content\/uploads\/2020\/03\/Banner-08-300x95.jpg 300w, https:\/\/oropeza-siteground.techdesk.com.mx\/wp-content\/uploads\/2020\/03\/Banner-08-1024x325.jpg 1024w, https:\/\/oropeza-siteground.techdesk.com.mx\/wp-content\/uploads\/2020\/03\/Banner-08-768x244.jpg 768w, https:\/\/oropeza-siteground.techdesk.com.mx\/wp-content\/uploads\/2020\/03\/Banner-08-1536x488.jpg 1536w\" sizes=\"(max-width: 1920px) 100vw, 1920px\" \/>\t\t\t\t\t\t\t\t\t\t\t\t\t\t\t<\/div>\n\t\t\t\t<\/div>\n\t\t\t\t\t<\/div>\n\t\t<\/div>\n\t\t\t\t\t<\/div>\n\t\t<\/section>\n\t\t\t\t<section class=\"elementor-section elementor-top-section elementor-element elementor-element-109ca71 elementor-section-boxed elementor-section-height-default elementor-section-height-default\" data-id=\"109ca71\" data-element_type=\"section\" data-e-type=\"section\">\n\t\t\t\t\t\t<div class=\"elementor-container elementor-column-gap-default\">\n\t\t\t\t\t<div class=\"elementor-column elementor-col-50 elementor-top-column elementor-element elementor-element-8b5cc1d\" data-id=\"8b5cc1d\" data-element_type=\"column\" data-e-type=\"column\">\n\t\t\t<div class=\"elementor-widget-wrap\">\n\t\t\t\t\t\t\t<\/div>\n\t\t<\/div>\n\t\t\t\t<div class=\"elementor-column elementor-col-50 elementor-top-column elementor-element elementor-element-a3476a7\" data-id=\"a3476a7\" data-element_type=\"column\" data-e-type=\"column\">\n\t\t\t<div class=\"elementor-widget-wrap elementor-element-populated\">\n\t\t\t\t\t\t<div class=\"elementor-element elementor-element-5d00475 elementor-widget elementor-widget-text-editor\" data-id=\"5d00475\" data-element_type=\"widget\" data-e-type=\"widget\" data-widget_type=\"text-editor.default\">\n\t\t\t\t<div class=\"elementor-widget-container\">\n\t\t\t\t\t\t\t\t\t<h2>SERVICIOS<\/h2><hr \/><p><strong>OISA<\/strong> representa para el sector el\u00e9ctrico la soluci\u00f3n a las necesidades de servicios de ingenier\u00eda desarrollando proyectos el\u00e9ctricos, su ejecuci\u00f3n; estudios de corto circuito y coordinaci\u00f3n de protecciones; pruebas el\u00e9ctricas de puesta en servicio, o mantenimiento de las subestaciones el\u00e9ctricas y tambi\u00e9n cuenta con m\u00e1s de 20 a\u00f1os de experiencia en la verificaci\u00f3n de instalaciones de acuerdo a las normas oficiales mexicanas.<\/p>\t\t\t\t\t\t\t\t<\/div>\n\t\t\t\t<\/div>\n\t\t\t\t<div class=\"elementor-element elementor-element-c0fc17d elementor-widget elementor-widget-accordion\" data-id=\"c0fc17d\" data-element_type=\"widget\" data-e-type=\"widget\" data-widget_type=\"accordion.default\">\n\t\t\t\t<div class=\"elementor-widget-container\">\n\t\t\t\t\t\t\t<div class=\"elementor-accordion\">\n\t\t\t\t\t\t\t<div class=\"elementor-accordion-item\">\n\t\t\t\t\t<div id=\"elementor-tab-title-2021\" class=\"elementor-tab-title\" data-tab=\"1\" role=\"button\" aria-controls=\"elementor-tab-content-2021\" aria-expanded=\"false\">\n\t\t\t\t\t\t\t\t\t\t\t\t\t<span class=\"elementor-accordion-icon elementor-accordion-icon-left\" aria-hidden=\"true\">\n\t\t\t\t\t\t\t\t\t\t\t\t\t\t\t<span class=\"elementor-accordion-icon-closed\"><i class=\"fas fa-angle-double-down\"><\/i><\/span>\n\t\t\t\t\t\t\t\t<span class=\"elementor-accordion-icon-opened\"><i class=\"fas fa-chevron-up\"><\/i><\/span>\n\t\t\t\t\t\t\t\t\t\t\t\t\t\t<\/span>\n\t\t\t\t\t\t\t\t\t\t\t\t<a class=\"elementor-accordion-title\" tabindex=\"0\">PROYECTOS DE INGENIERIA<\/a>\n\t\t\t\t\t<\/div>\n\t\t\t\t\t<div id=\"elementor-tab-content-2021\" class=\"elementor-tab-content elementor-clearfix\" data-tab=\"1\" role=\"region\" aria-labelledby=\"elementor-tab-title-2021\"><ul class=\"bullets\"><li>Proyecto el\u00e9ctrico<\/li><li>Tramites ante la compa\u00f1ia suministradora de energ\u00eda el\u00e9ctrica.<\/li><li>Ejecuci\u00f3n de instalaciones el\u00e9ctricas industriales.<\/li><li>Estudios de Corto Circuito y Coordinaci\u00f3n de Protecciones<\/li><li>Mantenimiento y subestaciones.<\/li><li>Proyecto y planos de las instalaciones el\u00e9ctricas.<\/li><li>Estudios de calidad y ahorro de energ\u00eda, as\u00ed como correcci\u00f3n del factor de potencia.<\/li><li>Servicio de Verificaci\u00f3n de Instalaciones El\u00e9ctricas aprobada por\u00a0<strong>SENER<\/strong>\u00a0y acreditada ante\u00a0<strong>EMA.<\/strong><\/li><li>Servicios de verificaci\u00f3n de alumbrados publicos por\u00a0<strong>UVIE<\/strong>\u00a0aprobado por\u00a0<strong>CONUE<\/strong>\u00a0y acreditado por\u00a0<strong>EMA.<\/strong><\/li><\/ul><p><img decoding=\"async\" src=\"http:\/\/oropezaingenieros.com\/servicios-y-reparacion\/images\/servicios\/logosservicios.jpg\" \/><\/p><\/div>\n\t\t\t\t<\/div>\n\t\t\t\t\t\t\t<div class=\"elementor-accordion-item\">\n\t\t\t\t\t<div id=\"elementor-tab-title-2022\" class=\"elementor-tab-title\" data-tab=\"2\" role=\"button\" aria-controls=\"elementor-tab-content-2022\" aria-expanded=\"false\">\n\t\t\t\t\t\t\t\t\t\t\t\t\t<span class=\"elementor-accordion-icon elementor-accordion-icon-left\" aria-hidden=\"true\">\n\t\t\t\t\t\t\t\t\t\t\t\t\t\t\t<span class=\"elementor-accordion-icon-closed\"><i class=\"fas fa-angle-double-down\"><\/i><\/span>\n\t\t\t\t\t\t\t\t<span class=\"elementor-accordion-icon-opened\"><i class=\"fas fa-chevron-up\"><\/i><\/span>\n\t\t\t\t\t\t\t\t\t\t\t\t\t\t<\/span>\n\t\t\t\t\t\t\t\t\t\t\t\t<a class=\"elementor-accordion-title\" tabindex=\"0\">PRUEBAS ELECTRICAS<\/a>\n\t\t\t\t\t<\/div>\n\t\t\t\t\t<div id=\"elementor-tab-content-2022\" class=\"elementor-tab-content elementor-clearfix\" data-tab=\"2\" role=\"region\" aria-labelledby=\"elementor-tab-title-2022\"><h3>REALIZAMOS LAS SIGUIENTES PRUEBAS:<\/h3><hr \/><div id=\"servi3\"><ul class=\"bullets\"><li>Factor de Potencia de los aislamientos.<\/li><li>Resistencia de Aislamiento (Megger).<\/li><li>Pruebas de espectroscopia diel\u00e9ctrica de los aislamientos.<\/li><li>Prueba de respuesta al barrido de frecuencia en transformadores.<\/li><li>An\u00e1lisis de laboratorio de aceites diel\u00e9ctricos.<\/li><li>Prueba de relevadores.<\/li><li>Resistencia de contactos (Ducter).<\/li><li>Relaci\u00f3n de Transformaci\u00f3n (TTR).<\/li><li>Resistencia \u00f3hmica de los devanados (\u00f3hmetro).<\/li><li>Saturaci\u00f3n, polaridad para TP&#8217;s y TC&#8217;s.<\/li><li>An\u00e1lisis de Calidad de la Energ\u00eda.<\/li><li>VLF a cables de potencia.<\/li><li>Pruebas est\u00e1ticas y din\u00e1micas a motores.<\/li><li>Resistencia de la red de tierras.<\/li><\/ul><p><img decoding=\"async\" class=\"aligncenter wp-image-192 size-full\" src=\"http:\/\/oropezaingenieros.com\/wp-content\/uploads\/2020\/03\/Servicios-de-Ingenier\u00eda.jpg\" alt=\"\" width=\"640\" height=\"322\" srcset=\"https:\/\/oropeza-siteground.techdesk.com.mx\/wp-content\/uploads\/2020\/03\/Servicios-de-Ingenier\u00eda.jpg 640w, https:\/\/oropeza-siteground.techdesk.com.mx\/wp-content\/uploads\/2020\/03\/Servicios-de-Ingenier\u00eda-300x151.jpg 300w\" sizes=\"(max-width: 640px) 100vw, 640px\" \/><\/p><\/div><\/div>\n\t\t\t\t<\/div>\n\t\t\t\t\t\t\t<div class=\"elementor-accordion-item\">\n\t\t\t\t\t<div id=\"elementor-tab-title-2023\" class=\"elementor-tab-title\" data-tab=\"3\" role=\"button\" aria-controls=\"elementor-tab-content-2023\" aria-expanded=\"false\">\n\t\t\t\t\t\t\t\t\t\t\t\t\t<span class=\"elementor-accordion-icon elementor-accordion-icon-left\" aria-hidden=\"true\">\n\t\t\t\t\t\t\t\t\t\t\t\t\t\t\t<span class=\"elementor-accordion-icon-closed\"><i class=\"fas fa-angle-double-down\"><\/i><\/span>\n\t\t\t\t\t\t\t\t<span class=\"elementor-accordion-icon-opened\"><i class=\"fas fa-chevron-up\"><\/i><\/span>\n\t\t\t\t\t\t\t\t\t\t\t\t\t\t<\/span>\n\t\t\t\t\t\t\t\t\t\t\t\t<a class=\"elementor-accordion-title\" tabindex=\"0\">OTROS SERVICIOS<\/a>\n\t\t\t\t\t<\/div>\n\t\t\t\t\t<div id=\"elementor-tab-content-2023\" class=\"elementor-tab-content elementor-clearfix\" data-tab=\"3\" role=\"region\" aria-labelledby=\"elementor-tab-title-2023\"><h3>SERVICIO DE MANTENIMIENTO PREVENTIVO Y CORRECTIVO A SUBESTACIONES EL\u00c9CTRICAS.<\/h3><ul class=\"bullets\"><li>Incluyendo: Pruebas El\u00e9ctricas, Inspecci\u00f3n interna, pintura, verificaci\u00f3n de apertura y cierre de cuchillas, reapriete de conexiones y lubricaci\u00f3n de partes m\u00f3viles.<\/li><\/ul><h3>PRUEBAS Y CALIBRACI\u00d3N A RELEVADORES Y ESQUEMAS DE PROTECCI\u00d3N.<\/h3><ul class=\"bullets\"><li>Verificaci\u00f3n de ajuste instant\u00e1neo y de tiempo en relevadores, reconfiguraci\u00f3n de esquemas de protecci\u00f3n, verificaci\u00f3n de operaci\u00f3n del sistema de protecciones.<\/li><\/ul><h3>TERMOGRAF\u00cdA INFRARROJA.<\/h3><ul class=\"bullets\"><li>An\u00e1lisis de la instalaci\u00f3n el\u00e9ctrica por medio de termografia infrarroja.<\/li><\/ul><p><img decoding=\"async\" class=\"aligncenter\" src=\"http:\/\/oropezaingenieros.com\/servicios-y-reparacion\/images\/servicios\/compus.png\" alt=\"\" width=\"263\" height=\"270\" \/><\/p><\/div>\n\t\t\t\t<\/div>\n\t\t\t\t\t\t\t\t<\/div>\n\t\t\t\t\t\t<\/div>\n\t\t\t\t<\/div>\n\t\t\t\t\t<\/div>\n\t\t<\/div>\n\t\t\t\t\t<\/div>\n\t\t<\/section>\n\t\t\t\t<section class=\"elementor-section elementor-top-section elementor-element elementor-element-97fa3c3 elementor-section-boxed elementor-section-height-default elementor-section-height-default\" data-id=\"97fa3c3\" data-element_type=\"section\" data-e-type=\"section\">\n\t\t\t\t\t\t<div class=\"elementor-container elementor-column-gap-default\">\n\t\t\t\t\t<div class=\"elementor-column elementor-col-100 elementor-top-column elementor-element elementor-element-a90531d\" data-id=\"a90531d\" data-element_type=\"column\" data-e-type=\"column\">\n\t\t\t<div class=\"elementor-widget-wrap elementor-element-populated\">\n\t\t\t\t\t\t<div class=\"elementor-element elementor-element-7d38d48 elementor-widget elementor-widget-image\" data-id=\"7d38d48\" data-element_type=\"widget\" data-e-type=\"widget\" data-widget_type=\"image.default\">\n\t\t\t\t<div class=\"elementor-widget-container\">\n\t\t\t\t\t\t\t\t\t\t\t\t\t\t\t<img loading=\"lazy\" decoding=\"async\" width=\"1920\" height=\"610\" src=\"https:\/\/oropeza-siteground.techdesk.com.mx\/wp-content\/uploads\/2020\/03\/Banner-06-1-1.jpg\" class=\"attachment-full size-full wp-image-738\" alt=\"\" srcset=\"https:\/\/oropeza-siteground.techdesk.com.mx\/wp-content\/uploads\/2020\/03\/Banner-06-1-1.jpg 1920w, https:\/\/oropeza-siteground.techdesk.com.mx\/wp-content\/uploads\/2020\/03\/Banner-06-1-1-300x95.jpg 300w, https:\/\/oropeza-siteground.techdesk.com.mx\/wp-content\/uploads\/2020\/03\/Banner-06-1-1-1024x325.jpg 1024w, https:\/\/oropeza-siteground.techdesk.com.mx\/wp-content\/uploads\/2020\/03\/Banner-06-1-1-768x244.jpg 768w, https:\/\/oropeza-siteground.techdesk.com.mx\/wp-content\/uploads\/2020\/03\/Banner-06-1-1-1536x488.jpg 1536w, https:\/\/oropeza-siteground.techdesk.com.mx\/wp-content\/uploads\/2020\/03\/Banner-06-1-1-600x191.jpg 600w, https:\/\/oropeza-siteground.techdesk.com.mx\/wp-content\/uploads\/2020\/03\/Banner-06-1-1-280x89.jpg 280w\" sizes=\"(max-width: 1920px) 100vw, 1920px\" \/>\t\t\t\t\t\t\t\t\t\t\t\t\t\t\t<\/div>\n\t\t\t\t<\/div>\n\t\t\t\t\t<\/div>\n\t\t<\/div>\n\t\t\t\t\t<\/div>\n\t\t<\/section>\n\t\t\t\t<\/div>\n\t\t","protected":false},"excerpt":{"rendered":"<p>SERVICIOS OISA representa para el sector el\u00e9ctrico la soluci\u00f3n a las necesidades de servicios de ingenier\u00eda desarrollando proyectos el\u00e9ctricos, su ejecuci\u00f3n; estudios de corto circuito y coordinaci\u00f3n de protecciones; pruebas el\u00e9ctricas de puesta en servicio, o mantenimiento de las subestaciones el\u00e9ctricas y tambi\u00e9n cuenta con m\u00e1s de 20 a\u00f1os de experiencia en la verificaci\u00f3n de&#8230;<\/p>\n<p class=\"more-link\"><a href=\"https:\/\/oropeza-siteground.techdesk.com.mx\/index.php\/servicios-de-ingenieria\/\"><span>Read More<\/span><i>&#43;<\/i><\/a><\/p>\n","protected":false},"author":1,"featured_media":0,"parent":0,"menu_order":0,"comment_status":"closed","ping_status":"closed","template":"","meta":{"footnotes":""},"class_list":["post-187","page","type-page","status-publish","hentry"],"yoast_head":"<!-- This site is optimized with the Yoast SEO plugin v27.6 - https:\/\/yoast.com\/product\/yoast-seo-wordpress\/ -->\n<title>SERVICIOS DE INGENIER\u00cdA - Oropeza Ingenieros<\/title>\n<meta name=\"robots\" content=\"index, follow, max-snippet:-1, max-image-preview:large, max-video-preview:-1\" \/>\n<link rel=\"canonical\" href=\"https:\/\/oropeza-siteground.techdesk.com.mx\/index.php\/servicios-de-ingenieria\/\" \/>\n<meta property=\"og:locale\" content=\"es_MX\" \/>\n<meta property=\"og:type\" content=\"article\" \/>\n<meta property=\"og:title\" content=\"SERVICIOS DE INGENIER\u00cdA - Oropeza Ingenieros\" \/>\n<meta property=\"og:description\" content=\"SERVICIOS OISA representa para el sector el\u00e9ctrico la soluci\u00f3n a las necesidades de servicios de ingenier\u00eda desarrollando proyectos el\u00e9ctricos, su ejecuci\u00f3n; estudios de corto circuito y coordinaci\u00f3n de protecciones; pruebas el\u00e9ctricas de puesta en servicio, o mantenimiento de las subestaciones el\u00e9ctricas y tambi\u00e9n cuenta con m\u00e1s de 20 a\u00f1os de experiencia en la verificaci\u00f3n de&#8230;Read More&#043;\" \/>\n<meta property=\"og:url\" content=\"https:\/\/oropeza-siteground.techdesk.com.mx\/index.php\/servicios-de-ingenieria\/\" \/>\n<meta property=\"og:site_name\" content=\"Oropeza Ingenieros\" \/>\n<meta property=\"article:modified_time\" content=\"2020-10-01T19:02:03+00:00\" \/>\n<meta property=\"og:image\" content=\"http:\/\/oropezaingenieros.com\/wp-content\/uploads\/2020\/03\/Banner-08.jpg\" \/>\n<meta name=\"twitter:card\" content=\"summary_large_image\" \/>\n<meta name=\"twitter:label1\" content=\"Tiempo de lectura\" \/>\n\t<meta name=\"twitter:data1\" content=\"2 minutos\" \/>\n<script type=\"application\/ld+json\" class=\"yoast-schema-graph\">{\"@context\":\"https:\\\/\\\/schema.org\",\"@graph\":[{\"@type\":\"WebPage\",\"@id\":\"https:\\\/\\\/oropeza-siteground.techdesk.com.mx\\\/index.php\\\/servicios-de-ingenieria\\\/\",\"url\":\"https:\\\/\\\/oropeza-siteground.techdesk.com.mx\\\/index.php\\\/servicios-de-ingenieria\\\/\",\"name\":\"SERVICIOS DE INGENIER\u00cdA - Oropeza Ingenieros\",\"isPartOf\":{\"@id\":\"https:\\\/\\\/oropeza-siteground.techdesk.com.mx\\\/#website\"},\"primaryImageOfPage\":{\"@id\":\"https:\\\/\\\/oropeza-siteground.techdesk.com.mx\\\/index.php\\\/servicios-de-ingenieria\\\/#primaryimage\"},\"image\":{\"@id\":\"https:\\\/\\\/oropeza-siteground.techdesk.com.mx\\\/index.php\\\/servicios-de-ingenieria\\\/#primaryimage\"},\"thumbnailUrl\":\"http:\\\/\\\/oropezaingenieros.com\\\/wp-content\\\/uploads\\\/2020\\\/03\\\/Banner-08.jpg\",\"datePublished\":\"2020-03-25T03:05:54+00:00\",\"dateModified\":\"2020-10-01T19:02:03+00:00\",\"breadcrumb\":{\"@id\":\"https:\\\/\\\/oropeza-siteground.techdesk.com.mx\\\/index.php\\\/servicios-de-ingenieria\\\/#breadcrumb\"},\"inLanguage\":\"es\",\"potentialAction\":[{\"@type\":\"ReadAction\",\"target\":[\"https:\\\/\\\/oropeza-siteground.techdesk.com.mx\\\/index.php\\\/servicios-de-ingenieria\\\/\"]}]},{\"@type\":\"ImageObject\",\"inLanguage\":\"es\",\"@id\":\"https:\\\/\\\/oropeza-siteground.techdesk.com.mx\\\/index.php\\\/servicios-de-ingenieria\\\/#primaryimage\",\"url\":\"http:\\\/\\\/oropezaingenieros.com\\\/wp-content\\\/uploads\\\/2020\\\/03\\\/Banner-08.jpg\",\"contentUrl\":\"http:\\\/\\\/oropezaingenieros.com\\\/wp-content\\\/uploads\\\/2020\\\/03\\\/Banner-08.jpg\"},{\"@type\":\"BreadcrumbList\",\"@id\":\"https:\\\/\\\/oropeza-siteground.techdesk.com.mx\\\/index.php\\\/servicios-de-ingenieria\\\/#breadcrumb\",\"itemListElement\":[{\"@type\":\"ListItem\",\"position\":1,\"name\":\"Inicio\",\"item\":\"https:\\\/\\\/oropeza-siteground.techdesk.com.mx\\\/\"},{\"@type\":\"ListItem\",\"position\":2,\"name\":\"SERVICIOS DE INGENIER\u00cdA\"}]},{\"@type\":\"WebSite\",\"@id\":\"https:\\\/\\\/oropeza-siteground.techdesk.com.mx\\\/#website\",\"url\":\"https:\\\/\\\/oropeza-siteground.techdesk.com.mx\\\/\",\"name\":\"Oropeza Ingenieros\",\"description\":\"\",\"publisher\":{\"@id\":\"https:\\\/\\\/oropeza-siteground.techdesk.com.mx\\\/#organization\"},\"potentialAction\":[{\"@type\":\"SearchAction\",\"target\":{\"@type\":\"EntryPoint\",\"urlTemplate\":\"https:\\\/\\\/oropeza-siteground.techdesk.com.mx\\\/?s={search_term_string}\"},\"query-input\":{\"@type\":\"PropertyValueSpecification\",\"valueRequired\":true,\"valueName\":\"search_term_string\"}}],\"inLanguage\":\"es\"},{\"@type\":\"Organization\",\"@id\":\"https:\\\/\\\/oropeza-siteground.techdesk.com.mx\\\/#organization\",\"name\":\"Oropeza Ingenieros\",\"url\":\"https:\\\/\\\/oropeza-siteground.techdesk.com.mx\\\/\",\"logo\":{\"@type\":\"ImageObject\",\"inLanguage\":\"es\",\"@id\":\"https:\\\/\\\/oropeza-siteground.techdesk.com.mx\\\/#\\\/schema\\\/logo\\\/image\\\/\",\"url\":\"https:\\\/\\\/oropeza-siteground.techdesk.com.mx\\\/wp-content\\\/uploads\\\/2020\\\/08\\\/cropped-LOGO-OISA-GRANDE.png\",\"contentUrl\":\"https:\\\/\\\/oropeza-siteground.techdesk.com.mx\\\/wp-content\\\/uploads\\\/2020\\\/08\\\/cropped-LOGO-OISA-GRANDE.png\",\"width\":6937,\"height\":1198,\"caption\":\"Oropeza Ingenieros\"},\"image\":{\"@id\":\"https:\\\/\\\/oropeza-siteground.techdesk.com.mx\\\/#\\\/schema\\\/logo\\\/image\\\/\"}}]}<\/script>\n<!-- \/ Yoast SEO plugin. -->","yoast_head_json":{"title":"SERVICIOS DE INGENIER\u00cdA - Oropeza Ingenieros","robots":{"index":"index","follow":"follow","max-snippet":"max-snippet:-1","max-image-preview":"max-image-preview:large","max-video-preview":"max-video-preview:-1"},"canonical":"https:\/\/oropeza-siteground.techdesk.com.mx\/index.php\/servicios-de-ingenieria\/","og_locale":"es_MX","og_type":"article","og_title":"SERVICIOS DE INGENIER\u00cdA - Oropeza Ingenieros","og_description":"SERVICIOS OISA representa para el sector el\u00e9ctrico la soluci\u00f3n a las necesidades de servicios de ingenier\u00eda desarrollando proyectos el\u00e9ctricos, su ejecuci\u00f3n; estudios de corto circuito y coordinaci\u00f3n de protecciones; pruebas el\u00e9ctricas de puesta en servicio, o mantenimiento de las subestaciones el\u00e9ctricas y tambi\u00e9n cuenta con m\u00e1s de 20 a\u00f1os de experiencia en la verificaci\u00f3n de&#8230;Read More&#43;","og_url":"https:\/\/oropeza-siteground.techdesk.com.mx\/index.php\/servicios-de-ingenieria\/","og_site_name":"Oropeza Ingenieros","article_modified_time":"2020-10-01T19:02:03+00:00","og_image":[{"url":"http:\/\/oropezaingenieros.com\/wp-content\/uploads\/2020\/03\/Banner-08.jpg","type":"","width":"","height":""}],"twitter_card":"summary_large_image","twitter_misc":{"Tiempo de lectura":"2 minutos"},"schema":{"@context":"https:\/\/schema.org","@graph":[{"@type":"WebPage","@id":"https:\/\/oropeza-siteground.techdesk.com.mx\/index.php\/servicios-de-ingenieria\/","url":"https:\/\/oropeza-siteground.techdesk.com.mx\/index.php\/servicios-de-ingenieria\/","name":"SERVICIOS DE INGENIER\u00cdA - Oropeza Ingenieros","isPartOf":{"@id":"https:\/\/oropeza-siteground.techdesk.com.mx\/#website"},"primaryImageOfPage":{"@id":"https:\/\/oropeza-siteground.techdesk.com.mx\/index.php\/servicios-de-ingenieria\/#primaryimage"},"image":{"@id":"https:\/\/oropeza-siteground.techdesk.com.mx\/index.php\/servicios-de-ingenieria\/#primaryimage"},"thumbnailUrl":"http:\/\/oropezaingenieros.com\/wp-content\/uploads\/2020\/03\/Banner-08.jpg","datePublished":"2020-03-25T03:05:54+00:00","dateModified":"2020-10-01T19:02:03+00:00","breadcrumb":{"@id":"https:\/\/oropeza-siteground.techdesk.com.mx\/index.php\/servicios-de-ingenieria\/#breadcrumb"},"inLanguage":"es","potentialAction":[{"@type":"ReadAction","target":["https:\/\/oropeza-siteground.techdesk.com.mx\/index.php\/servicios-de-ingenieria\/"]}]},{"@type":"ImageObject","inLanguage":"es","@id":"https:\/\/oropeza-siteground.techdesk.com.mx\/index.php\/servicios-de-ingenieria\/#primaryimage","url":"http:\/\/oropezaingenieros.com\/wp-content\/uploads\/2020\/03\/Banner-08.jpg","contentUrl":"http:\/\/oropezaingenieros.com\/wp-content\/uploads\/2020\/03\/Banner-08.jpg"},{"@type":"BreadcrumbList","@id":"https:\/\/oropeza-siteground.techdesk.com.mx\/index.php\/servicios-de-ingenieria\/#breadcrumb","itemListElement":[{"@type":"ListItem","position":1,"name":"Inicio","item":"https:\/\/oropeza-siteground.techdesk.com.mx\/"},{"@type":"ListItem","position":2,"name":"SERVICIOS DE INGENIER\u00cdA"}]},{"@type":"WebSite","@id":"https:\/\/oropeza-siteground.techdesk.com.mx\/#website","url":"https:\/\/oropeza-siteground.techdesk.com.mx\/","name":"Oropeza Ingenieros","description":"","publisher":{"@id":"https:\/\/oropeza-siteground.techdesk.com.mx\/#organization"},"potentialAction":[{"@type":"SearchAction","target":{"@type":"EntryPoint","urlTemplate":"https:\/\/oropeza-siteground.techdesk.com.mx\/?s={search_term_string}"},"query-input":{"@type":"PropertyValueSpecification","valueRequired":true,"valueName":"search_term_string"}}],"inLanguage":"es"},{"@type":"Organization","@id":"https:\/\/oropeza-siteground.techdesk.com.mx\/#organization","name":"Oropeza Ingenieros","url":"https:\/\/oropeza-siteground.techdesk.com.mx\/","logo":{"@type":"ImageObject","inLanguage":"es","@id":"https:\/\/oropeza-siteground.techdesk.com.mx\/#\/schema\/logo\/image\/","url":"https:\/\/oropeza-siteground.techdesk.com.mx\/wp-content\/uploads\/2020\/08\/cropped-LOGO-OISA-GRANDE.png","contentUrl":"https:\/\/oropeza-siteground.techdesk.com.mx\/wp-content\/uploads\/2020\/08\/cropped-LOGO-OISA-GRANDE.png","width":6937,"height":1198,"caption":"Oropeza Ingenieros"},"image":{"@id":"https:\/\/oropeza-siteground.techdesk.com.mx\/#\/schema\/logo\/image\/"}}]}},"_links":{"self":[{"href":"https:\/\/oropeza-siteground.techdesk.com.mx\/index.php\/wp-json\/wp\/v2\/pages\/187","targetHints":{"allow":["GET"]}}],"collection":[{"href":"https:\/\/oropeza-siteground.techdesk.com.mx\/index.php\/wp-json\/wp\/v2\/pages"}],"about":[{"href":"https:\/\/oropeza-siteground.techdesk.com.mx\/index.php\/wp-json\/wp\/v2\/types\/page"}],"author":[{"embeddable":true,"href":"https:\/\/oropeza-siteground.techdesk.com.mx\/index.php\/wp-json\/wp\/v2\/users\/1"}],"replies":[{"embeddable":true,"href":"https:\/\/oropeza-siteground.techdesk.com.mx\/index.php\/wp-json\/wp\/v2\/comments?post=187"}],"version-history":[{"count":6,"href":"https:\/\/oropeza-siteground.techdesk.com.mx\/index.php\/wp-json\/wp\/v2\/pages\/187\/revisions"}],"predecessor-version":[{"id":2837,"href":"https:\/\/oropeza-siteground.techdesk.com.mx\/index.php\/wp-json\/wp\/v2\/pages\/187\/revisions\/2837"}],"wp:attachment":[{"href":"https:\/\/oropeza-siteground.techdesk.com.mx\/index.php\/wp-json\/wp\/v2\/media?parent=187"}],"curies":[{"name":"wp","href":"https:\/\/api.w.org\/{rel}","templated":true}]}}